k(u).
-6
Suppose 15*p = 14*p + 12. Let t(b) = 19 - 8 - p - 3*b. Determine t(2).
-7
Let r(v) = v**3 + 25*v**2 + 26*v + 59. Let x be r(-24). Let t(d) = d**2 - 13*d + 14. What is t(x)?
-8
Let d = -1366 + 1363. Let s(r) = -3*r**2 - 8*r - 3. Determine s(d).
-6
Let i(z) = z**3 - 2*z**2 + z + 2. Let n(x) = x**2 - 12*x + 2. Let h be n(12). Let f be i(h). Let o(t) = 2*t - 5. Determine o(f).
3
Let k(r) be the first derivative of 3*r**2/2 + 7*r + 147. Calculate k(3).
16
Let y(w) = -w**2 + 9*w + 4. Let i(p) = -p - 2. Let r be i(-11). What is y(r)?
4
Suppose 4*a - a + 21 = 0. Let l(x) = 7*x**3 - 6*x**2 + 5*x + 2. Let o(n) = 10*n**3 - 7*n**2 + 7*n + 4. Let d(r) = -7*l(r) + 5*o(r). Determine d(a).
6
Suppose -4*g = 3*v - 11, -3*v + 0*v - g - 4 = 0. Let t = -22 - -25. Let p(b) = -1 - 4*b + 2*b**2 - b - t*b**2. Determine p(v).
5
Let h(p) = -p**2 + 6*p - 7. Let f be h(2). Let b be 0/(-1 + -1 + f). Let r(c) = c - 5. Determine r(b).
-5
Let l(b) = b**3 - 2*b**2 - 17*b + 6. Let h be l(5). Let g(i) = -i**3 - 4*i**2 - 3*i + 1. Calculate g(h).
13
Let q(u) = 4*u - 49. Let r(z) = z - 16. Let l(b) = 2*q(b) - 7*r(b). Give l(-17).
-3
Let p(d) = 11*d - 4. Suppose 5*s + y = -15, -3*s + y = -y + 22. What is p(s)?
-48
Let t(p) = -7*p**2 - 2*p + 2. Let b(k) = -3*k**3 - 9*k**2 + 2*k + 4. Let j be b(-3). What is t(j)?
-22
Let b(s) = 8*s**3 - s - 1. Let l(g) = -8*g + 1. Let p be l(-1). Suppose -3*d = -p - 0. Suppose 2 + d = -5*y. Give b(y).
-8
Let d(n) = 15*n**2 + 17*n - 10. Let w(t) = t**3 + t**2 + t - 1. Let l(p) = d(p) - w(p). Calculate l(15).
6
Let b(q) = -q**3 - 12*q**2 - 11*q + 11. Let s be 1/1*(50 - 61). What is b(s)?
11
Let j(m) = m**2 - m - 15. Let f(d) = d**3 - 6*d**2 + 9*d - 10. Let w be f(5). Suppose 2*v + t = -5, 4*v - 2*t - w = 2*v. Calculate j(v).
-15
Let s(g) = g**3 - g**2 + 5*g - 9. Let w = 540 + -538. What is s(w)?
5
Let k = -333 - -327. Let m(p) = p**2 + 9*p - 1. Determine m(k).
-19
Suppose 58 = 2*f - 2*a, -4*a + 0*a = -5*f + 146. Suppose -d - h + 3 + 0 = 0, 5*d + 2*h = f. Let s(k) = k**3 - 8*k**2 - k + 3. Calculate s(d).
-5
Let t(l) = -l**3 - 45*l**2 - 50*l - 266. Let s be t(-44). Let v(x) = -3*x**2 - 4*x - 2. Determine v(s).
-6
Let i(o) be the third derivative of 3*o**2 + 1/240*o**6 + 0 - 1/20*o**5 + 0*o**3 + 1/6*o**4 + 0*o. Let b(l) be the second derivative of i(l). Give b(6).
12
Let x be (-4)/14 + (-160)/28. Let d = 15 - 10. Let g(i) = d*i + i**3 - 4*i + 2 + 5 - 5*i + 5*i**2. Calculate g(x).
-5
Let w(g) be the first derivative of -g**4/4 - 2*g**3 + 15*g**2/2 - 3*g + 130. Determine w(-8).
5
Let l = -11 - -20. Suppose 3*z + 24 = l. Let t(j) = -2*j - 7. Let q(v) = -2*v - 8. Let a(u) = z*q(u) + 6*t(u). Give a(-2).
2
Let l(t) = -7 - 152163*t**3 + 14*t**2 + 24*t + 152164*t**3 - 10*t. What is l(-13)?
-20
Suppose 0*c - 3*r + 6 = 3*c, 3*c + 2*r - 6 = 0. Let i be c + (-1 - -2) + 6 + -3. Let o(f) = f**2 - 8*f + 1. What is o(i)?
-11
Suppose 7*m = 2*m + 25, 3*m = -3*d + 90. Let b be ((-4)/(-5))/((-5)/d). Let n = b + -2. Let w(s) = s**2 + 4*s - 4. Calculate w(n).
8
Let i(g) = g - 5. Suppose 2*b = -0*b - 14. Give i(b).
-12
Suppose 3*z + 2 = 3*b - 7, 3*b - 5*z = 5. Let v be ((-1)/b)/((-2)/10). Let n(j) = -3*j**3 - j**2. What is n(v)?
-4
Let r(w) = -w**2 + 2*w + 1. Suppose 2*q = -5*a - 16, -2*a + a + 7 = -3*q. What is r(a)?
-7
Let h = -2166 - -2168. Let i(c) = 9*c - 5. What is i(h)?
13
Suppose -8*z - 1081 = -265. Let o = z + 102. Let t(d) = -d + 3. Determine t(o).
3
Let c(l) = -11*l**2 + 6*l + 16. Let f(s) = -9*s**2 + 5*s + 15. Let q(w) = 4*c(w) - 5*f(w). What is q(0)?
-11
Let m(i) = -53*i**3 - 7*i - 3 + 52*i**3 - 8*i**2 - 2. Let k = -23 - -16. What is m(k)?
-5
Let c(f) = -f**3 - 3*f**2 - 3*f + 3. Let j = -46 + 47. Suppose 17 + j = -6*a. Give c(a).
12
Suppose -4 = -f + 4*m - 16, 21 = -3*f - 3*m. Let j(w) = -w**2 - 10*w - 5. Give j(f).
11
Let n(u) = u**2 - 11*u - 1. Suppose 6*s = 56 - 26. Let y be 7 + s - (-2 + 3). Calculate n(y).
-1
Let i(a) be the first derivative of a**2/2 + 10*a - 3. Let w = 89 + -89. Determine i(w).
10
Let g(f) = -5*f**2 - 8*f - 7. Let r(n) = -6*n**2 - 9*n - 8. Let q(c) = 7*g(c) - 6*r(c). Calculate q(4).
7
Let q(j) = -j**3 + 10*j**2 - 9*j + 3. Suppose 2*b - 4*a + 2 = b, 0 = 5*a - 5. Suppose -3*y - u = -8*y + 40, -10 = -b*u. What is q(y)?
3
Let v(y) = 22 - 2*y + 5 + 4*y**3 + 2*y**3 - 5*y**3 - 13*y**2 - 9. Give v(13).
-8
Let f(d) be the first derivative of d**3/3 - 7*d**2 + 16*d + 757. Determine f(12).
-8
Suppose 7*x + 10 = 5*x. Let c = 0 - -2. Let n(m) = -5 - 5*m**c + 0*m + m - 2*m - m**3. Calculate n(x).
0
Let u(h) = 251*h - 36*h**3 + 37*h**3 + 3*h**2 + 4 - 252*h. Let a(x) = x**2 + 7*x + 6. Let c be a(-5). Determine u(c).
-8
Let h be 3/(-3)*(-2 + -3). Let o(k) be the first derivative of 4/3*k**3 - 1/4*k**4 + 2*k**2 - 2 - 3*k. Give o(h).
-8
Let d be (-11)/2 - 3/(-2). Let x(m) = m**2 - 9*m + 3. Let s(v) = -v**2 + 9*v - 2. Let y(i) = d*s(i) - 5*x(i). Calculate y(8).
1
Suppose s = 2*g + 6, -3 = -g - 4. Let t(i) = -5*i**2 + 13*i - 9. Let k(v) = 11*v**2 - 28*v + 20. Let p(z) = -4*k(z) - 9*t(z). Calculate p(s).
-3
Let w be 2/2 + 0 + 1. Let i(g) be the first derivative of 2*g**3/3 - g**2 - g + 5549. Give i(w).
3
Let h(x) = 13*x - 55. Let m(o) = -84*o + 356. Let f(t) = -32*h(t) - 5*m(t). Give f(5).
0
Let h(i) = 3*i - 72 + 28 + 29 + i. Determine h(6).
9
Let c(s) = -s**2 + 8*s - 9. Let u be c(6). Let k(v) = v - 58. Let p(t) = -11. Let o(f) = -k(f) + 5*p(f). Calculate o(u).
0
Let a(z) = z + z**3 + 3*z**2 + 148 + 146 - 294. Let u = -8 - -20. Let y be (-1)/4 + (-21)/u. Determine a(y).
2
Let h(n) = -n**2 + 6*n + 1. Let p = 45 - 45. Let o(r) = -r**2 - 6*r + 7. Let c be o(p). Calculate h(c).
-6
Let i = -34 + 18. Let d = 21 + i. Let t(b) = -b**3 + 4*b**2 + 6*b - 6. Give t(d).
-1
Let s(w) = 10 + 10 + 2787*w - 2789*w. Give s(5).
10
Let s(f) = f**2 + 7*f + 7. Suppose -i + 6*i = 0. Suppose 25 = -5*t - i*t. Give s(t).
-3
Let o(n) be the first derivative of -n**4/4 - 4*n**3/3 - 2*n - 83. Determine o(-2).
-10
Suppose -14*c = -12*c - 4. Let u(q) = q**3 + 2*q**2 - 10 + 17 - 7 + c*q. Calculate u(-3).
-15
Let u(y) = -y**3 - 6*y**2 + 7*y + 2. Let t be u(-7). Let c(s) = -t*s + s**3 + 2 + 5*s + 5*s - 3*s - 5*s**2. What is c(4)?
6
Let u = -2 - 5. Let f(s) be the second derivative of s**3/6 + 6*s**2 + 45*s + 1. What is f(u)?
5
Let k = -19 + 21. Let f(u) = 7*u**2 - 4*u**k - 4*u**2. Give f(-3).
-9
Let d = -169 - -176. Let m(f) = -f**3 + 8*f**2 - 8*f + 5. Determine m(d).
-2
Let d(p) = 19*p**2 + 11*p - 8. Let u(m) = 4*m**2 + 2*m - 1. Let r(c) = d(c) - 5*u(c). Calculate r(0).
-3
Let d(u) = -6*u - 12. Let o(m) = 26*m + 47. Let l(n) = 9*d(n) + 2*o(n). Determine l(0).
-14
Let x(n) = 11*n**2 - 13*n**2 + 105 - 107. Determine x(3).
-20
Suppose 42*f - 8*f - 374 = 0. Let t(j) = -2*j + 19. Calculate t(f).
-3
Let d(p) = p**2 + 5*p - 62. Let z be 3*2/(-4)*(-110)/(-15). Let g be d(z). Let n(v) = v - 2. Give n(g).
2
Let b(o) be the second derivative of o**5/20 + 5*o**4/12 - o**3/2 - 3*o**2/2 - 20*o. Suppose 10*g + 51 = 1. Give b(g).
12
Let v(s) = 9*s + 14. Let a(l) = 10*l + 19. Let m(u) = -2*a(u) + 3*v(u). Give m(3).
25
Let r(p) = -1 + 0*p**2 + 8*p - p**2 + 2*p**2. Let l = 1292 - 1299. Calculate r(l).
-8
Let s(l) = l**3 + 9*l**2 + 7*l - 9. Suppose c = -4*m + 5*c - 4, -1 = 4*m - 3*c. Suppose -m + 18 = -2*r. Determine s(r).
-1
Let o(f) be the second derivative of -f**5/20 - f**3/6 - 11*f**2/2 - f - 4. Determine o(0).
-11
Let o = 136 + -66. Let r(l) = 69*l**2 + 8 - 2*l - o*l**2 + 9*l. What is r(8)?
0
Suppose -4*h + 13 = -r, 2*r + 2*h + 8 = 4*h. Let o(n) = -2*n**2 + 0 + n + 1 + 24*n**2. Determine o(r).
22
Let a(d) be the first derivative of -d**2 + 1. Let w = -12 - -13. Let z = w - -3. What is a(z)?
-8
Let f(y) = -9*y - 47. Let r(s) = 16*s + 94. Let z(i) = 5*f(i) + 3*r(i). Give z(-15).
2
Suppose -d = 8*d - 45. Suppose -d*v + 19 = -2*c, 5*c - 7 + 20 = v. Let o(n) be the second derivative of -n**4/12 + 3*n**2/2 + n. Give o(v).
-6
Let h(o) = -o**2 + 8*o - 1. Let k be h(6). Let y = -8 + k. Suppose 30 = -y*j - 2*j. Let z(r) = -2*r - 6. Give z(j).
6
Let r(u) = u. Let m(o) = -o**3 - 5*o**2 - 6*o - 3. Let k be m(-4). Suppose k*h - h = 0. Give r(h).
0
Let h(b) = -11*b**2 - 2 + 0*b + b + 12*b**2. Suppose 0*c + 4 = 2*c. Suppose -c*g + 4*g = 0. Give h(g).
-2
Let p(m) = -2*m - 31. Let i(b) = b + 16. Suppose 6*y - 2*y 